*u = -u + 2*y + 17. Let x = -9 + 7. Let q = 19 - x. What is the highest common divisor of u and q?
3
Let d(o) = o**2 - 2*o + 2. Let u be d(3). Suppose -5*c + 50 + 85 = -5*z, 5*c = -u*z - 175. Let m = 5 - z. What is the highest common divisor of 24 and m?
12
Let o = 6 + -5. Let s(z) = 3*z**2 + z. Let j be s(o). Calculate the highest common factor of j and 16.
4
Let b(q) = 5*q + 4. Let w be b(10). Calculate the greatest common factor of w and 6.
6
Let b = 134 - 80. Suppose -m - 2*m + b = 0. Let d(h) = -h - 1. Let z be d(-7). Calculate the greatest common factor of m and z.
6
Let q = -12 + 11. Let y = q + 12. What is the greatest common divisor of y and 1?
1
Let j = 33 + -21. Calculate the highest common divisor of 96 and j.
12
Let n = -3 + 8. Let t be ((-6)/(-10))/(1/n). Let b = 0 - -3. Calculate the highest common factor of b and t.
3
Let n be ((-8)/(-14))/(4/14). Suppose -4*i - c = -4*c - 69, -5*c - 31 = -n*i. What is the highest common divisor of i and 27?
9
Suppose 3*k - 4*k + 22 = 0. Calculate the highest common divisor of k and 33.
11
Suppose -3*c + 940 = 4*x, -3*c + 295 = 3*x - 410. What is the highest common divisor of x and 47?
47
Let w = 124 + -59. Let u = 49 - 14. Let p = u + w. Calculate the highest common divisor of 40 and p.
20
Let j(c) = 9*c**2 + 6*c - 10. Let o be j(5). What is the highest common divisor of o and 35?
35
Suppose 0 = l - 3*l + 10. Let m(j) = 2*j + 4. Let g be m(8). What is the greatest common divisor of g and l?
5
Let q = 25 - 9. What is the highest common divisor of q and 8?
8
Let f be -3 - (-3 + 132/(-3)). What is the highest common divisor of 4 and f?
4
Suppose 6*u - 4 = 5*u. Suppose -2 = -u*c + 66. What is the greatest common divisor of 34 and c?
17
Suppose 32 = 3*d - 34. Suppose -6*q = -q + 4*l - 762, 454 = 3*q + 4*l. Calculate the highest common factor of d and q.
22
Let g = 6 - 4. Suppose r + g*i = 13, 4*i = -0*i - 4. Let h(c) = c**3 - 4*c**2 + 2*c - 3. Let n be h(4). Calculate the highest common factor of r and n.
5
Suppose 5*h = -5*k + 70, 2*k - 14 = k + 2*h. Suppose 2*p - k = 2*z, -3*p - 5*z = -0*p - 45. Calculate the greatest common divisor of 110 and p.
10
Let m = -71 - -108. What is the greatest common divisor of 74 and m?
37
Let i = -4 - -6. Suppose -d = -i*j + 6, 5*d = -j - 0*j + 25. What is the highest common factor of 40 and j?
5
Suppose 2*s - 3*w - 2*w - 22 = 0, -2*s = -3*w - 26. Calculate the greatest common divisor of 16 and s.
16
Let m be (0/(2 + -1))/(-2). Let l(v) = v + 15. Let i be l(m). Let c be (4 + -1)/((-15)/(-25)). Calculate the greatest common factor of c and i.
5
Suppose 4*w - l - 45 = 0, -5*l = -0*l + 5. Calculate the highest common divisor of 121 and w.
11
Let y = -126 + 222. What is the highest common factor of y and 144?
48
Suppose -3*d = -4*d + 40. Suppose -s - 5*a = 25, -s - 3*a - 15 = s. Suppose -5*o + 3*o + 32 = s. Calculate the highest common divisor of o and d.
8
Let o = -9 + 20. Calculate the highest common divisor of o and 99.
11
Let z(j) = 24*j**2 + 2*j. Let t be z(-3). Suppose -7*q = 4*q - 231. What is the highest common factor of t and q?
21
Let l(x) = -3*x + 2*x + 2*x + 1 + 3. Let s be l(7). Calculate the highest common divisor of s and 88.
11
Let y be 16/3*(-162)/(-18). Let f = y - 4. Calculate the greatest common factor of 11 and f.
11
Let s(q) = 2*q**3 - 6*q**2 - 4*q - 7. Let c be s(6). What is the greatest common factor of 74 and c?
37
Let j = 25 - -77. Let a = j - 22. What is the greatest common divisor of 32 and a?
16
Suppose r - 8 = 5*f, 0*r - 15 = -5*r. Let d be ((-12)/1)/2 + 0. Let h = f - d. What is the highest common divisor of 15 and h?
5
Suppose -3*h + 15 = 2*h, -4*c - 2*h = -54. Suppose -2*d = -t + 90, -3*d - 2 + 11 = 0. Calculate the highest common factor of t and c.
12
Let y = -9 + 30. What is the highest common factor of y and 63?
21
Suppose 0 = -i - i + 144. Let w be ((-6)/4)/(1/(-2)). Let q be (4/6)/(w/54). Calculate the highest common divisor of i and q.
12
Let y(r) = 4*r**2 - 2*r - 3. Let d be y(-2). Let k(p) = -p**2 - 8*p - 5. Let g be k(-8). Let h = 29 - g. Calculate the highest common divisor of d and h.
17
Let r be -2 + 5/(10/4). Suppose -3*l = -2*m + 268, r = 5*m + 4*l - 0*l - 716. Calculate the highest common factor of m and 56.
28
Suppose 2*i - 210 = -2*j - 40, 0 = -5*j - 5. Let u = i + -51. Calculate the greatest common divisor of u and 5.
5
Let c(j) be the second derivative of j**3/6 - 5*j**2/2 - j. Let q be c(4). Let p be (-168)/9*q*3. What is the greatest common factor of 14 and p?
14
Let n = -5 - -9. Suppose -9 = -n*p + 43. Suppose -p = -0*u - u. Calculate the greatest common factor of u and 39.
13
Let n = -60 - -68. What is the highest common divisor of 40 and n?
8
Let r be (-22 - -1)/(-3 - 160/(-55)). What is the greatest common factor of 33 and r?
33
Suppose 2*a = 4 + 6. Suppose -a*k + 179 = -181. What is the greatest common divisor of 9 and k?
9
Suppose -72 = -3*r - 0*r. Suppose -2*l - 8 + r = 0. Let v = l - -12. What is the greatest common factor of v and 8?
4
Let y = 3 - 6. Let u be 3*3/y - 3. Let t be 146/10 - u/15. Calculate the greatest common factor of 6 and t.
3
Let d be 1 + (-5)/((-5)/24). Let p(k) = 4*k + 2*k - 2*k - k**2 + 5 + 0*k. Let v be p(4). Calculate the greatest common factor of v and d.
5
Suppose -4*j + 158 = 18. Let d = -12 + j. Let r = -3 + d. Calculate the highest common divisor of r and 5.
5
Let r(u) = -2*u + 2. Let o be r(-3). Calculate the highest common factor of 32 and o.
8
Let t be 175/21 + 4/6. What is the highest common factor of t and 63?
9
Suppose -3*h + 0*h = -6. Suppose h*r = -r. Suppose r = 3*y - 24 - 24. What is the greatest common factor of 8 and y?
8
Let r = -7 + 31. Let m be 170/(-3)*r/(-10). Suppose -3*a - 20 = -2*t + t, 0 = -2*t + 3*a + 37. What is the greatest common factor of m and t?
17
Suppose 3910 = -4*f + 21*f. What is the greatest common divisor of 10 and f?
10
Suppose v + 0*v = 1. Suppose 0 = -4*q + 2*z + 12, 2*q - 4*q + 4*z + 12 = 0. Calculate the highest common factor of v and q.
1
Let o = 128 + -40. Let x(z) = 4*z - 4. Let w be 0 + -1 + (2 - -2). Let r be x(w). Calculate the greatest common factor of r and o.
8
Let z = -218 + 471. What is the greatest common divisor of 23 and z?
23
Let q be (528/15)/(2/10). Calculate the highest common divisor of q and 22.
22
Let c(j) = -2*j - 3. Let a be c(-3). Let y = 8 + a. What is the highest common divisor of y and 44?
11
Let p = 85 + 11. Let q be 1/2*2/(-1). Let n be 10 - (-2)/q*-1. Calculate the highest common divisor of p and n.
12
Suppose -v = z - 10, 0 = -v + 3*z - 12 + 2. Calculate the greatest common factor of v and 5.
5
Let a(s) = -s**3 + 4*s**2 + 5*s + 3. Let u be a(5). Suppose -2*d - 1 - u = 0. Let c be 2/d - -14 - 1. Calculate the highest common divisor of c and 3.
3
Let b be (-71)/(-2) + 3*(-1)/6. What is the highest common divisor of 5 and b?
5
Let j be (4/(-5))/(2/(-10)). Suppose j = -5*t - 2*a + 21, -3*a = t - 6. Suppose t*o - 72 = 18. What is the greatest common factor of 20 and o?
10
Let k = 18 + -10. What is the greatest common divisor of k and 32?
8
Let l(c) = -c**2 + 6*c + 5. Let j be l(6). Suppose 5*q = 3*t + 100, -141 = -j*q - 4*t - 6. Calculate the greatest common factor of q and 23.
23
Suppose r = -5*g, 2*g - 28 = -3*r + 11. Let d = r - -4. Calculate the greatest common factor of d and 76.
19
Let l = -13 - -31. What is the highest common factor of l and 45?
9
Suppose a = -a + 10. Suppose r - 9 = -3*r + a*q, 3*q = 5*r - 21. Let i be 436/r - 2/3. Calculate the highest common divisor of 9 and i.
9
Let i = 25 + -26. Let f be (-46)/i + (4 - 2). Calculate the greatest common divisor of f and 12.
12
Let a be (-1)/(-3) + 58/6. Let y be ((-126)/a)/((-6)/20). Calculate the greatest common factor of y and 28.
14
Let l be (-1)/(2 + (-199)/99). Let t = l + -21. Calculate the greatest common divisor of t and 13.
13
Let p = 5 + 15. Calculate the highest common factor of 5 and p.
5
Let i = 49 + -154. Let r be (6/(-7))/(5/i). Calculate the highest common divisor of 162 and r.
18
Let g(f) = 10*f**2 + 2*f + 1. Let j be g(2). Let c(u) = u**3 - 7*u**2 + 8*u - 7. Let b be c(6). Calculate the highest common factor of b and j.
5
Let i = -18 + 35. Suppose 2*s - i - 73 = 0. Calculate the highest common factor of 18 and s.
9
Suppose -5*q - 6*